 + 3*a - 138 = -4*x, 2*x - 70 = 2*a. What is the remainder when x is divided by 18?
16
Let s = -182 - -515. What is the remainder when s is divided by 42?
39
Let g = 801 + -755. What is the remainder when 412 is divided by g?
44
Let h(b) = -b**3 + 7*b**2 - b + 9. Let n(a) = -a**2 + a + 7. Let q be (-3 + (2 - -1))/1. Let j be n(q). What is the remainder when 9 is divided by h(j)?
1
Let c(t) = -441*t - 213. What is the remainder when c(-1) is divided by 47?
40
Suppose -64*o = -16*o - 9840. What is the remainder when o is divided by 37?
20
Let o(v) be the first derivative of v**3/3 + 7*v**2/2 - 7*v + 13. Let y be o(-9). What is the remainder when 52 is divided by (-5)/(20/(-12)) + y?
10
What is the remainder when 58 is divided by (-2)/(-12) + (-1330)/(-84)?
10
Suppose -2*a = f - 6, -32*a = f - 36*a - 24. What is the remainder when 191 is divided by f?
11
Let i(r) = -35*r**3 + 6*r + 6. Calculate the remainder when 88 is divided by i(-1).
18
Suppose -11 - 5 = -4*u. Suppose -3*g - 27 = -4*k, 0 = k + u*g - 8*g - 10. What is the remainder when 11 is divided by k?
5
Let n = -30 - -50. Suppose -2*v + 2 = -n. Let u = 129 + -89. What is the remainder when u is divided by v?
7
Suppose -5*t + 129 = 69. Calculate the remainder when t is divided by 9.
3
Calculate the remainder when (-4)/34 - (4020/(-68) - 9) is divided by 37.
31
Let n(h) = -h**2 + 23*h - 68. What is the remainder when 29 is divided by n(19)?
5
Let h be 1/((-1)/(-4)) + -1. Let j be 184/10 - ((-52)/20 - -2). Suppose -o + 30 = 4*k, h*k - j = -5*o - 5. Calculate the remainder when 13 is divided by k.
5
Suppose 5*v = 3*f + 340, 4*v - 4*f + 2*f = 274. What is the remainder when (1/(-1))/((-143)/v - -2) is divided by 18?
17
Suppose d + 4*u = 2*u + 5, 34 = 5*d + u. Let h be 43 + -4 + (5 - 3). Let n = h + -28. What is the remainder when n is divided by d?
6
Let v(w) be the first derivative of w**4/4 - w**3 - 5*w**2/2 + 10*w - 15. What is the remainder when 22 is divided by v(4)?
4
Suppose 4*l + u - 2*u = -464, -2*l = -4*u + 232. What is the remainder when (0 - (-5 - -1))*(-290)/l is divided by 2?
0
Suppose 0 = -7*j + 2*j + 675. Suppose -4*s = 3*u + 2*u - j, -4*u + 108 = s. Calculate the remainder when u is divided by 6.
3
Let p be 14/49 - 32/14. Calculate the remainder when 55 is divided by 3*p*(-7)/3.
13
Suppose 12 = h + 2*h. Let s(o) = -40*o + 27. Let b be s(3). Let x = b - -96. Calculate the remainder when h is divided by x.
1
Suppose 10*j - 691 = -371. Calculate the remainder when 445 is divided by j.
29
Calculate the remainder when 127 is divided by 176/(-33)*7/(7/(-6)).
31
Suppose 3*k - 126 = -3*i, -5*k = 4*i - 104 - 110. Calculate the remainder when k is divided by 33.
13
Calculate the remainder when 39 is divided by ((-100)/(8/2) - -5)/(-2).
9
Let g be 1 + (1*-3)/(-1). Suppose -5*y + q + g*q = -180, 5*y - 216 = -4*q. Suppose 1875*x = 1886*x - 231. What is the remainder when y is divided by x?
19
Suppose 6*f = 2*f + 28. Let d be (f/7)/((-2)/6). Let q = d + 8. What is the remainder when 14 is divided by q?
4
Suppose -5*r + o = -4*o - 10, 5*o + 1 = 2*r. Suppose 0*q = -3*s - r*q + 42, 3*s - 44 = -4*q. What is the remainder when 46 is divided by s?
10
Let k = 51 - 32. Let i = -104 + 198. Calculate the remainder when i is divided by k.
18
Suppose 4*f - 24 = -8. Suppose -4*q + 4*w = -20 - 0, 3*q = 4*w + 18. Calculate the remainder when f is divided by q.
0
Calculate the remainder when (1599/(-273))/(2/(-14)) is divided by 3.
2
Let i be (-1)/(-2) - (-17)/(-34). Calculate the remainder when 2/(-6) - 103/(-3) is divided by -1 + (-4 - -3) - (i - 11).
7
Let x(s) = -1 - 8*s**2 + s**3 - 16 + 3*s**3 - 3*s**3. Calculate the remainder when x(9) is divided by 17.
13
Let r = 421 + 18. Calculate the remainder when r is divided by 113.
100
Suppose 4*n + 2*u = -0*u + 216, 3*u + 92 = 2*n. Suppose -t + 84 = 2*q, 0 = 2*q - 3*t - n - 24. What is the remainder when q is divided by 14?
13
Suppose -3*j = 35 - 5. Let t(u) = u**2 + 11*u + 29. Calculate the remainder when 52 is divided by t(j).
14
Let x(v) = 111*v**3 - v**2 - 19*v + 19. Calculate the remainder when x(1) is divided by 44.
22
Suppose 31*v - 10*v = 525. What is the remainder when 110 is divided by v?
10
Suppose 32 = 4*d - 4*p, 2*d - 4 = 3*d + 5*p. Suppose 5*y = 5*o - 63 + 18, -4*o + d = 2*y. Calculate the remainder when o is divided by 4.
0
Suppose 23*i - 570 - 5 = 0. Calculate the remainder when i is divided by 17.
8
Let p(m) = -22*m + 1. Let b = -28 - -20. Calculate the remainder when p(b) is divided by 36.
33
Suppose o - 16 = 5*w, 17*o - 21*o + 86 = 2*w. Calculate the remainder when 32 is divided by o.
11
Suppose 0*h - 2*v = 3*h + 2, -5*h - 2*v = 2. Let b be 2 - (h + 3)*-1. Suppose 4*g - b = 11. What is the remainder when 11 is divided by g?
3
Suppose 4*m = 5*m. Suppose 2*w = 2*d - 150, m*d + 2*w + 75 = d. Calculate the remainder when d is divided by 26.
23
Let t(n) = -12*n - 74. What is the remainder when t(-13) is divided by 21?
19
Let f = -94 + 94. Suppose 0 = 4*b - 12, f*v + v - 4*b = 5. What is the remainder when 117 is divided by v?
15
Suppose 5*b + 236 = 3*o, -5*b + 5 = -5. Let a = 109 - o. What is the remainder when 132 is divided by a?
24
Let c = 327 - -85. What is the remainder when c is divided by 32?
28
Suppose 0*h - c + 30 = 5*h, 0 = -4*c - 20. Suppose 4*o + 13 = 93. What is the remainder when o is divided by h?
6
Let q(v) = v**3 - 3*v**2 + 2*v - 2. Let f(i) = i**2 - 19*i + 69. Calculate the remainder when f(15) is divided by q(3).
1
Let v(r) = r**3 - 6*r**2 - r + 7. Let l(p) be the first derivative of -p**3/3 + 2*p**2 - 2*p + 1. What is the remainder when v(6) is divided by l(1)?
0
Let y = 187 - 175. Calculate the remainder when y is divided by 2.
0
Suppose 16*o - 118 = 58. Calculate the remainder when 196 is divided by o.
9
Suppose 5*s - 4*p + 70 = 0, -3*s = -4*s - 2*p. Let v = s - -62. What is the remainder when v is divided by 9?
7
Suppose o = -4*m + 25, 4*o = 4*m - 18 - 22. Let a = 12 - m. Suppose -h - 4*s = -31 + 2, a*h - 2*s - 123 = 0. What is the remainder when h is divided by 13?
12
Let j = 1954 - 1932. Calculate the remainder when 878 is divided by j.
20
Let q(t) be the third derivative of -t**4/6 + 19*t**3/6 + t**2. Let d be q(8). Let p(u) = u**2 + 9*u + 9. What is the remainder when p(d) is divided by 16?
13
Let o(p) be the first derivative of 15*p**2/2 + p - 12. What is the remainder when o(2) is divided by 7?
3
Suppose f = -4*y + 134, 0 = -27*y + 32*y + 5*f - 175. What is the remainder when 43 is divided by y?
10
Suppose 90 + 20 = -5*s. Let y = 24 + s. Suppose -m - y = -7. Calculate the remainder when 16 is divided by m.
1
Suppose 4*r = 107 - 31. What is the remainder when 75 - 5 - 5/((-15)/9) is divided by r?
16
Suppose 13*k - 1171 = -170. Calculate the remainder when k is divided by 8.
5
Suppose 4*l = l + 21. Let t be 2648/14 - l/49. Suppose 5*z - 216 - t = 0. Calculate the remainder when z is divided by 21.
18
Suppose 219 = 4*r + 75. Calculate the remainder when r is divided by 9.
0
Let g = 413 + -381. Calculate the remainder when 56 is divided by g.
24
Suppose 0 = -2*h + h + 17. Suppose -162*u + 160*u = -210. Suppose 15 = -3*f + u. What is the remainder when f is divided by h?
13
Let t(n) = n**2 - n + 2. Let c be t(2). Suppose 5*h = -u - 20, h = -c*u + 22 - 7. What is the remainder when 35 is divided by (-2)/h + 301/35?
8
Calculate the remainder when 12 is divided by (-12 - -18)*((-7)/(-3) - 1).
4
Suppose -2*p + 48 = -g, 6*g = g. Calculate the remainder when p is divided by 8.
0
Let j(z) = -7*z**2 + 51*z - 70. Let b(f) = -10*f**2 + 76*f - 105. Let n(a) = 5*b(a) - 7*j(a). Calculate the remainder when n(20) is divided by 9.
7
What is the remainder when 94 is divided by 10/(-55) + (-2718)/(-66)?
12
Suppose 0 = 2*l + i - 68, 194 = 5*l + 5*i + 29. What is the remainder when 99 is divided by l?
29
Suppose 31 = 2*d + 2*w + 7, 4*w - 57 = -5*d. Calculate the remainder when 21 is divided by d.
3
Suppose 9864 = -8*i + 32*i. Calculate the remainder when i is divided by 70.
61
Suppose -2*u + 3*n + 27 = -52, -3*u = -5*n - 119. Let l(f) = 55*f - 144. Calculate the remainder when u is divided by l(3).
17
Let d(x) be the third derivative of -1/12*x**4 + 1/60*x**5 + 1/2*x**3 + 0 + 0*x - 9*x**2. Calculate the remainder when d(8) is divided b